the greatest common factor of z and 7.
7
Suppose -6*d = -77 - 7. Let u = d + -9. What is the greatest common factor of u and 10?
5
Suppose -1 = -i + 2*l - 9, -l + 3 = -i. Let m be i/(3 - (-17)/(-6)). Calculate the highest common factor of 12 and m.
12
Suppose -3 = -3*u, 0 = x + x - 3*u - 17. What is the highest common divisor of x and 55?
5
Let q be (7 - 3) + (0 - (3 - 2)). Calculate the highest common factor of 9 and q.
3
Suppose 4*h = 8*b - 4*b + 3296, -5*h + 4111 = -2*b. Suppose -4*i + h = 57. Let a = -119 + i. What is the greatest common divisor of a and 18?
18
Let w be 3/(2 + (-10)/8). Let t be (-30)/w*4/(-2). Suppose -3*z - c = -23, -z - 2*z = 5*c - 43. What is the greatest common divisor of t and z?
3
Let i(r) = -8*r + 141. Let o be i(17). Let w(a) = a**3 + a + 12. Let c be w(0). Let g = -7 + c. Calculate the greatest common divisor of g and o.
5
Let o = -9 - -16. What is the greatest common divisor of o and 28?
7
Suppose -3*r - 15 = -2*s, r - 3 = -2*r. What is the greatest common factor of 12 and s?
3
Suppose -6*l + 20 = -8*l. Let v(w) = -2*w - 1. Let h(p) = 2*p + 2. Let d(g) = -4*h(g) - 3*v(g). Let x be d(l). Calculate the greatest common factor of 5 and x.
5
Let c be (1 - 23)*7/(-2). Let b be 6 + -3 - (-7 + -1). What is the highest common factor of c and b?
11
Let r = -24 - -44. Suppose 3*k = 16 + r. Calculate the greatest common divisor of 48 and k.
12
Suppose 0 = -3*f - 2*f + 750. Suppose -2*o - f = -7*o. Calculate the greatest common divisor of 20 and o.
10
Let o be ((-1)/1)/1*2. Let c = 5 - o. Calculate the greatest common factor of c and 63.
7
Let g = -53 - -113. Calculate the highest common factor of 15 and g.
15
Suppose -45*j = -49*j + 24. Let b(k) = k**2 - 3. Let m be b(3). What is the highest common factor of j and m?
6
Suppose -o = -0 + 3. Let r be -35*o/(-30)*-4. Calculate the highest common factor of r and 7.
7
Let t be 1/3 + 26/(-6). Let c(x) = x**3 + 3*x**2 - 5*x - 2. Let g be c(t). Calculate the highest common factor of 5 and g.
1
Suppose -15 = -5*z, h + 5 = 3*z - 1. Suppose -4*o + 51 = -o + h*u, -2*u + 4 = 0. Calculate the highest common divisor of o and 135.
15
Suppose 5*x - 11 = 3*d, -6 = -x - 2. What is the greatest common divisor of 9 and d?
3
Suppose 4 = b + 1. Calculate the highest common factor of 39 and b.
3
Suppose 3 = -5*v + 18. Suppose -11 = -v*c + 19. Let x(j) = -j + 15. Let d be x(0). Calculate the greatest common factor of c and d.
5
Let d be ((-4)/6)/(3/27). Let s(o) = -3*o - 4. Let r be s(d). Suppose -3*p + 126 = -252. What is the highest common divisor of r and p?
14
Let o = -81 + 89. Calculate the greatest common factor of 16 and o.
8
Let s = 121 + -31. Calculate the highest common divisor of 36 and s.
18
Suppose -5*j = -20, 0*r + 2*j - 33 = -5*r. Suppose -v = -r*v + 176. Suppose -2*t + 4*y + 46 = 18, 4*y = -t + v. What is the greatest common factor of 36 and t?
12
Suppose -4*p = 3*t - 25 - 7, 0 = -2*t + 5*p + 29. Calculate the highest common factor of t and 12.
12
Let w(r) = r**3 - 4*r**2 + 5*r + 8. Let q(t) = t**3 + 10*t**2 - 13*t - 16. Let k be q(-11). Let a be w(k). What is the highest common factor of 10 and a?
10
Let p(s) = s**2 - 4*s + 9. Let n be p(5). Let i(j) be the first derivative of 2*j**3/3 - j + 1. Let g be i(-2). What is the greatest common factor of n and g?
7
Let w be 1/(-1 + (-26)/(-25)). Let g be ((-2)/((-6)/(-5)))/((-1)/6). What is the highest common divisor of g and w?
5
Suppose 3*b + 8*h - 4*h - 31 = 0, -4*b + 5*h + 31 = 0. Calculate the greatest common factor of 18 and b.
9
Suppose -3*i + 5*a + 339 + 64 = 0, 3*i = -3*a + 363. Calculate the highest common factor of 14 and i.
14
Suppose 4*c - 42 = 38. Calculate the greatest common factor of 120 and c.
20
Let f be 10 - (-2)/(-2) - 2. Let z(r) = 0*r**2 + 8*r - r**2 + 10 + 3*r. Let i be z(9). Calculate the greatest common divisor of i and f.
7
Let l(f) = -f**2 - 23*f + 1. Let d be l(-5). Calculate the highest common factor of 7 and d.
7
Let u(r) = r**3 + 5*r**2 - 4*r - 6. Let k be u(-5). Suppose 0 = -n + 2 + 12. What is the greatest common divisor of n and k?
14
Let y(r) = 2*r**2 + 2*r + 3. Suppose 5 = -g - 4*h, 5*g + 4*h + 1 = 8. Let i = g - 5. Let k be y(i). Calculate the highest common divisor of 35 and k.
7
Suppose 5*v - 4*n = 1145, 4*v = 2*n + 518 + 392. Suppose -v = 3*z - 8*z. Calculate the highest common factor of z and 9.
9
Suppose 0 = -5*h - 2*u + 57, -4*h + 4*u + u + 39 = 0. What is the greatest common factor of 77 and h?
11
Let m be (-3 + 1)*1/(-2). Let c = 2 - m. Suppose 3*v + 4*z + 1 = 7, -6 = -3*v + z. What is the greatest common factor of c and v?
1
Let g(c) = c + 22. Let n be g(-11). Let f(b) = -b**3 + 10*b**2 - 5*b. Let d be f(8). Calculate the greatest common factor of d and n.
11
Suppose -2*m = 5 - 23. Let c(s) = s**2 + 297. Let v be c(0). Suppose o = 4*o - v. What is the highest common divisor of o and m?
9
Suppose 2*o + 13 = 3*z, -3*o - 24 = z + 2*o. Suppose 0 = -g + z + 3. Suppose 3*x - 28 = -g. What is the greatest common divisor of x and 1?
1
Let s = 59 + -27. Suppose 5*j = -0*j - 3*g + s, j - 3*g = 10. Calculate the highest common factor of j and 7.
7
Let a(o) be the third derivative of -3*o**4/8 - 19*o**3/6 - 3*o**2. Let t be a(-13). Calculate the greatest common factor of 14 and t.
14
Let z(f) be the third derivative of -f**4/12 - f**3 + 2*f**2. Let k be z(-7). Calculate the greatest common divisor of 56 and k.
8
Suppose -8*o + 2*o + 24 = 0. Let w be (-108)/(-1 + -2) - o. Calculate the greatest common factor of w and 80.
16
Let v(l) = -l - 12. Let n be v(-5). Let i = 15 + n. Calculate the greatest common factor of i and 4.
4
Suppose 3*p - 6*p + 6 = 0. Suppose -p*g + 3*g - 32 = 0. What is the greatest common factor of 4 and g?
4
Let n be -3 + (-1 - 1 - -1). Let b be ((-49)/3)/(n/24). Let f be ((-2)/4)/(1/(-28)). Calculate the greatest common divisor of f and b.
14
Let p(v) = v**2 - v. Let o(b) = 3*b**2 - 3*b + 152. Let z(d) = o(d) - 4*p(d). Let h be z(0). Calculate the greatest common factor of h and 19.
19
Suppose 351 = 2*y - y - 4*h, 0 = -3*y + 5*h + 1053. What is the greatest common divisor of 39 and y?
39
Let q be 2/6 - 8/(-3). Suppose -q*h + 120 = h. Suppose 0 = 4*z - 6*z + 20. What is the highest common divisor of z and h?
10
Suppose 0 = -5*c + 2*c + 18. What is the greatest common factor of 4 and c?
2
Let o = 5 + -2. Let j(s) be the first derivative of -s**4/4 - s**3 - s**2 - 5. Let t be j(-4). Calculate the greatest common divisor of t and o.
3
Let p = 8 + -6. Let h = 9 - 6. Suppose -5*r + 0*r = h*j - p, 0 = 3*j + r - 22. What is the greatest common divisor of j and 36?
9
Let o be 3/(-9) + (-21)/(-9) + 8. What is the highest common divisor of o and 50?
10
Let z = 41 + -37. What is the highest common divisor of 2 and z?
2
Let r = 536 - 326. What is the greatest common divisor of r and 30?
30
Let g(q) = -q**2 + 77. Let v be g(0). Calculate the greatest common factor of v and 7.
7
Let y = 6 + 2. Let h(c) = -c**3 - 10*c**2 + c - 5. Let j be h(-9). Let s be (5 + j)*(-8)/10. Calculate the highest common divisor of y and s.
8
Let z(g) = g**3 + 6*g**2 - 4*g. Let m be z(-6). What is the greatest common factor of m and 3?
3
Let p(a) = a**3 + 3*a**3 - 3 + 9 - 4 - 2*a**2. Let k be p(2). What is the highest common factor of 13 and k?
13
Suppose c = -5*p - 18, 2*p - 5 = 5*c + 4. Let w(d) = -d**3 - 2*d**2 - 3. Let g be w(c). Suppose 1 = -2*k + 5. Calculate the highest common factor of g and k.
2
Let q(v) = v**2 - 2*v. Let d be q(-3). What is the greatest common divisor of 105 and d?
15
Suppose 283 = 5*l - 4*k, -5*l + 263 = -3*k - 18. Suppose -5*h = 3*c - l, 4*c = 3*c + 2*h. What is the greatest common divisor of 20 and c?
10
Let u(i) = i**2 - 4*i + 3. Let k be u(6). Let d = 5 + -3. Suppose 0 = x + d*x - k. What is the greatest common factor of x and 40?
5
Suppose -3*k + 0*k + 44 = 4*q, 0 = 4*k - 3*q - 17. Let d = 19 + 38. Let p = d - 41. Calculate the highest common factor of k and p.
8
Suppose 3*m + 10 = 5*m. Let w be (-4)/(-2) - (m + -6). What is the greatest common divisor of 1 and w?
1
Suppose 0 = -4*c + 10 - 2. Suppose -2*w = -c*d + 28, 0 = -2*d + 3*w + 15 + 18. What is the highest common divisor of d and 1?
1
Let z(q) = 5*q**2 + 3*q. Let a be z(-2). Suppose -o - o = -a. Suppose -3 = j - o. Calculate th